{"id":10,"date":"2017-05-30T15:03:08","date_gmt":"2017-05-30T15:03:08","guid":{"rendered":"http:\/\/immersebible.com\/?page_id=10"},"modified":"2021-03-03T00:02:16","modified_gmt":"2021-03-03T00:02:16","slug":"mesias","status":"publish","type":"page","link":"https:\/\/sites.tyndale.com\/bibliainmersion\/mesias\/","title":{"rendered":"Mes&iacute;as"},"content":{"rendered":"<p><!-- HERO SECTION --><\/p>\n<header class=\"hero\"><\/header>\n<p><!-- end hero --><\/p>\n<p><!-- BOOK OVERVIEW SECTION --><\/p>\n<section class=\"book-overview-section\">\n<div class=\"book-overview-inner\">\n<div class=\"book-overview-image\"><img decoding=\"async\" title=\"Messiah\" src=\"https:\/\/sites.tyndale.com\/bibliainmersion\/wp-content\/uploads\/sites\/10\/2017\/10\/cover-mesias.jpg\" alt=\"Cover image for the Messiah, Year 1 - Book 1\"><\/div>\n<div class=\"book-overview-text\">\n<header class=\"book-overview-header\">\n<p class=\"book-year\">Volumen 1<\/p>\n<p class=\"book-title\">Mes\u00edas<\/p>\n<p class=\"book-range\">Nuevo Testamento<\/p>\n<\/header>\n<p><em>Inmersi\u00f3n: Mes\u00edas<\/em> es el primero de seis vol\u00famenes de <em>Inmersi\u00f3n: La Biblia de lectura<\/em>. <em>Mes\u00edas<\/em> conduce al lector en un nuevo y singular viaje a trav\u00e9s de cada libro del Nuevo Testamento. Cada secci\u00f3n principal de <em>Mes\u00edas<\/em> comienza con uno de los Evangelios y se combina con otros escritos del Nuevo Testamento para proveerle al lector lecturas placenteras e impactantes, siempre centradas en Jes\u00fas.<\/p>\n<p>Esta nueva organizaci\u00f3n de los libros enfatiza la profundidad del testimonio cu\u00e1druple del Nuevo Testamento sobre Jes\u00fas el Mes\u00edas. El Hijo de Dios, quien cumple todos los anhelos y promesas de las Escrituras, se puede experimentar en <em>Mes\u00edas<\/em> a trav\u00e9s de una rica variedad de enfoques.<\/p>\n<div class=\"book-button\"><a class=\"button ghost-button\" href=\"https:\/\/www.paperturn-view.com\/us\/tyndale-bibles\/inmersionmesias?pid=MTc17599\" target=\"_blank\" rel=\"noopener noreferrer\">Ver el interior<\/a><\/div>\n<div class=\"book-button\"><a class=\"button ghost-button\" href=\"https:\/\/www.tyndale.com\/p\/inmersion-mesias\/9781496430366\" target=\"_blank\" rel=\"noopener noreferrer\">Comprar<\/a><\/div>\n<p><!-- Resource Downloads --><\/p>\n<aside class=\"resource-downloads\">\n<header>Recursos para descargar<\/header>\n<ul>\n<li><i class=\"zmdi zmdi-file\"><\/i> <a href=\"https:\/\/www.paperturn-view.com\/us\/tyndale-bibles\/mesias-feature-sampler-spanish?pid=MTc17595\" target=\"_blank\" rel=\"noopener noreferrer\">Muestra de las caracter\u00edsticas de <em>Mes\u00edas<\/em><\/a><\/li>\n<li><i class=\"zmdi zmdi-file\"><\/i> <a href=\"https:\/\/sites.tyndale.com\/bibliainmersion\/wp-content\/uploads\/sites\/10\/2017\/10\/Mesias_QuickStartGuide_PDF-for-website.pdf\" target=\"_blank\" rel=\"noopener noreferrer\">Gu\u00eda de inicio r\u00e1pido de <em>Mes\u00edas<\/em> (PDF)<\/a><\/li>\n<li><i class=\"zmdi zmdi-file\"><\/i> <a href=\"https:\/\/sites.tyndale.com\/bibliainmersion\/wp-content\/uploads\/sites\/10\/2019\/06\/Mesias_16week_QuickStartGuide.pdf\" target=\"_blank\" rel=\"noopener noreferrer\">Gu\u00eda de inicio opcional de 16 semanas de <em>Mes\u00edas<\/em> (PDF)<\/a><\/li>\n<li><i class=\"zmdi zmdi-file\"><\/i> <a href=\"https:\/\/sites.tyndale.com\/bibliainmersion\/wp-content\/uploads\/sites\/10\/2018\/09\/InmersionMesiasGuiaParaLaFamilia_NTV.pdf\" target=\"_blank\" rel=\"noopener noreferrer\">Gu\u00eda para la familia de <em>Mes\u00edas<\/em> (PDF)<\/a><\/li>\n<li><i class=\"zmdi zmdi-file\"><\/i> <a href=\"https:\/\/sites.tyndale.com\/bibliainmersion\/wp-content\/uploads\/sites\/10\/2017\/10\/Inmersion_Facilitator_Guide.pdf\" target=\"_blank\" rel=\"noopener noreferrer\">Gu\u00eda para el facilitador de grupo (PDF)<\/a><\/li>\n<li><i class=\"zmdi zmdi-file\"><\/i> <a href=\"https:\/\/sites.tyndale.com\/bibliainmersion\/wp-content\/uploads\/sites\/10\/2017\/10\/Inmersion_PastorsGuide.pdf\" target=\"_blank\" rel=\"noopener noreferrer\">Gu\u00eda para el pastor (PDF)<\/a><\/li>\n<li class=\"hide\"><i class=\"zmdi zmdi-download\"><\/i><a href=\"http:\/\/immersebible.com\/wp-content\/uploads\/2017\/09\/Immerse-Graphics-Kit.zip\" download=\"\"><em>Immerse<\/em> Graphics Kit<\/a><\/li>\n<\/ul>\n<\/aside>\n<p><!-- end resource downloads section --><\/p>\n<\/div>\n<p><!-- end book overview text --><\/p>\n<\/div>\n<p><!-- end book overview inner --><\/p>\n<\/section>\n<p><!-- end book overview section --><\/p>\n<p><!-- start of hide functionality --><\/p>\n<div class=\"hide\">\n<p><!-- WEEKLY LINKS SECTION --><\/p>\n<nav class=\"weekly-links-section sticky\">\n<header class=\"weekly-links-header\">Weekly Resource Quick Links<\/header>\n<ul class=\"weekly-links\">\n<li class=\"weekly-link\"><a href=\"#week1\">1<\/a><\/li>\n<li class=\"weekly-link\"><a href=\"#week2\">2<\/a><\/li>\n<li class=\"weekly-link\"><a href=\"#week3\">3<\/a><\/li>\n<li class=\"weekly-link\"><a href=\"#week4\">4<\/a><\/li>\n<li class=\"weekly-link\"><a href=\"#week5\">5<\/a><\/li>\n<li class=\"weekly-link\"><a href=\"#week6\">6<\/a><\/li>\n<li class=\"weekly-link\"><a href=\"#week7\">7<\/a><\/li>\n<li class=\"weekly-link\"><a href=\"#week8\">8<\/a><\/li>\n<\/ul>\n<p><!-- end weekly links menu --><\/p>\n<\/nav>\n<p><!-- end weekly links section --><\/p>\n<\/div>\n<p><!-- WEEKLY VIDEOS SECTION --><\/p>\n<section class=\"resources-section\">\n<div class=\"resources-inner\">\n<p><!-- Week 1 --><\/p>\n<article class=\"resources-group\">\n<div class=\"resources-video\">\n<header>\n<p class=\"book-year\">Mes\u00edas<\/p>\n<p class=\"book-title\">Semana 1<\/p>\n<p class=\"book-range\">Lucas-Hechos, Parte 1<\/p>\n<\/header>\n<p><!-- end video header --><\/p>\n<div class=\"iframe-wrapper\"><iframe loading=\"lazy\" src=\"https:\/\/www.youtube.com\/embed\/uFjHmL2-3M0?rel=0&amp;showinfo=0\" width=\"853\" height=\"480\" frameborder=\"0\" allowfullscreen=\"allowfullscreen\"><\/iframe><\/div>\n<\/div>\n<p><!-- end resources video --><br \/>\n<\/article>\n<p><!-- end resources group --><\/p>\n<p><!---------------------- End Week 1 -------------------------------><\/p>\n<p><!-- Week 2 --><\/p>\n<article class=\"resources-group\">\n<div class=\"resources-video\">\n<header>\n<p class=\"book-year\">Mes\u00edas<\/p>\n<p class=\"book-title\">Semana 2<\/p>\n<p class=\"book-range\">Lucas-Hechos, Parte 2<\/p>\n<\/header>\n<p><!-- end video header --><\/p>\n<div class=\"iframe-wrapper\"><iframe loading=\"lazy\" src=\"https:\/\/www.youtube.com\/embed\/yHqHYMPWNu4?rel=0&amp;showinfo=0\" width=\"853\" height=\"480\" frameborder=\"0\" allowfullscreen=\"allowfullscreen\"><\/iframe><\/div>\n<\/div>\n<p><!-- end resources video --><br \/>\n<\/article>\n<p><!-- end resources group --><\/p>\n<p><!---------------------- End Week 2 -------------------------------><\/p>\n<p><!-- Week 3 --><\/p>\n<article class=\"resources-group\">\n<div class=\"resources-video\">\n<header>\n<p class=\"book-year\">Mes\u00edas<\/p>\n<p class=\"book-title\">Semana 3<\/p>\n<p class=\"book-range\">Cartas de Pablo, Parte 1<\/p>\n<\/header>\n<p><!-- end video header --><\/p>\n<div class=\"iframe-wrapper\"><iframe loading=\"lazy\" src=\"https:\/\/www.youtube.com\/embed\/BlQ4FFKHimc?rel=0&amp;showinfo=0\" width=\"853\" height=\"480\" frameborder=\"0\" allowfullscreen=\"allowfullscreen\"><\/iframe><\/div>\n<\/div>\n<p><!-- end resources video --><br \/>\n<\/article>\n<p><!-- end resources group --><\/p>\n<p><!---------------------- End Week 3 -------------------------------><\/p>\n<p><!-- Week 4 --><\/p>\n<article class=\"resources-group\">\n<div class=\"resources-video\">\n<header>\n<p class=\"book-year\">Mes\u00edas<\/p>\n<p class=\"book-title\">Semana 4<\/p>\n<p class=\"book-range\">Cartas de Pablo, Parte 2<\/p>\n<\/header>\n<p><!-- end video header --><\/p>\n<div class=\"iframe-wrapper\"><iframe loading=\"lazy\" src=\"https:\/\/www.youtube.com\/embed\/8wbQK8EkWOE?rel=0&amp;showinfo=0\" width=\"853\" height=\"480\" frameborder=\"0\" allowfullscreen=\"allowfullscreen\"><\/iframe><\/div>\n<\/div>\n<p><!-- end resources video --><br \/>\n<\/article>\n<p><!-- end resources group --><\/p>\n<p><!---------------------- End Week 4 -------------------------------><\/p>\n<p><!-- Week 5 --><\/p>\n<article class=\"resources-group\">\n<div class=\"resources-video\">\n<header>\n<p class=\"book-year\">Mes\u00edas<\/p>\n<p class=\"book-title\">Semana 5<\/p>\n<p class=\"book-range\">Marcos, Santiago, Judas<\/p>\n<\/header>\n<p><!-- end video header --><\/p>\n<div class=\"iframe-wrapper\"><iframe loading=\"lazy\" src=\"https:\/\/www.youtube.com\/embed\/GIgCtntQsdQ?rel=0&amp;showinfo=0\" width=\"853\" height=\"480\" frameborder=\"0\" allowfullscreen=\"allowfullscreen\"><\/iframe><\/div>\n<\/div>\n<p><!-- end resources video --><br \/>\n<\/article>\n<p><!-- end resources group --><\/p>\n<p><!---------------------- End Week 5 -------------------------------><\/p>\n<p><!-- Week 6 --><\/p>\n<article class=\"resources-group\">\n<div class=\"resources-video\">\n<header>\n<p class=\"book-year\">Mes\u00edas<\/p>\n<p class=\"book-title\">Semana 6<\/p>\n<p class=\"book-range\">Mateo<\/p>\n<\/header>\n<p><!-- end video header --><\/p>\n<div class=\"iframe-wrapper\"><iframe loading=\"lazy\" src=\"https:\/\/www.youtube.com\/embed\/I60Roxj7GOw?rel=0&amp;showinfo=0\" width=\"853\" height=\"480\" frameborder=\"0\" allowfullscreen=\"allowfullscreen\"><\/iframe><\/div>\n<\/div>\n<p><!-- end resources video --><br \/>\n<\/article>\n<p><!-- end resources group --><\/p>\n<p><!---------------------- End Week 6 -------------------------------><\/p>\n<p><!-- Week 7 --><\/p>\n<article class=\"resources-group\">\n<div class=\"resources-video\">\n<header>\n<p class=\"book-year\">Mes\u00edas<\/p>\n<p class=\"book-title\">Semana 7<\/p>\n<p class=\"book-range\">Juan<\/p>\n<\/header>\n<p><!-- end video header --><\/p>\n<div class=\"iframe-wrapper\"><iframe loading=\"lazy\" src=\"https:\/\/www.youtube.com\/embed\/cOH_qMfn1lA?rel=0&amp;showinfo=0\" width=\"853\" height=\"480\" frameborder=\"0\" allowfullscreen=\"allowfullscreen\"><\/iframe><\/div>\n<\/div>\n<p><!-- end resources video --><br \/>\n<\/article>\n<p><!-- end resources group --><\/p>\n<p><!---------------------- End Week 7 -------------------------------><\/p>\n<p><!-- Week 8 --><\/p>\n<article class=\"resources-group\">\n<div class=\"resources-video\">\n<header>\n<p class=\"book-year\">Mes\u00edas<\/p>\n<p class=\"book-title\">Semana 8<\/p>\n<p class=\"book-range\">Apocalipsis<\/p>\n<\/header>\n<p><!-- end video header --><\/p>\n<div class=\"iframe-wrapper\"><iframe loading=\"lazy\" src=\"https:\/\/www.youtube.com\/embed\/7VAEc_7EnAg?rel=0&amp;showinfo=0\" width=\"853\" height=\"480\" frameborder=\"0\" allowfullscreen=\"allowfullscreen\"><\/iframe><\/div>\n<\/div>\n<p><!-- end resources video --><br \/>\n<\/article>\n<p><!-- end resources group --><\/p>\n<p><!---------------------- End Week 8 -------------------------------><\/p>\n<\/div>\n<p><!-- end resources inner --><\/p>\n<\/section>\n<p><!-- end resources section --><\/p>\n<p><!------------------ End Videos section ----------------------------><\/p>\n<p><!-- start of hide functionality --><\/p>\n<div class=\"hide\">\n<p><!-- WEEKLY REMINDERS SECTION --><\/p>\n<section class=\"cta-section\">\n<div class=\"cta-section-inner\">\n<header class=\"cta-section-header\">\n<h4 class=\"section-heading\">Would You Like to Receive Weekly Reminders?<\/h4>\n<p class=\"section-subheading\">Let us help you stay on pace with the reading plan. We\u2019ll also email free resource links.<\/p>\n<\/header>\n<p><!-- end cta section header --><\/p>\n<section class=\"reminders-form\"><script type=\"text\/javascript\">var gform;gform||(document.addEventListener(\"gform_main_scripts_loaded\",function(){gform.scriptsLoaded=!0}),window.addEventListener(\"DOMContentLoaded\",function(){gform.domLoaded=!0}),gform={domLoaded:!1,scriptsLoaded:!1,initializeOnLoaded:function(o){gform.domLoaded&&gform.scriptsLoaded?o():!gform.domLoaded&&gform.scriptsLoaded?window.addEventListener(\"DOMContentLoaded\",o):document.addEventListener(\"gform_main_scripts_loaded\",o)},hooks:{action:{},filter:{}},addAction:function(o,n,r,t){gform.addHook(\"action\",o,n,r,t)},addFilter:function(o,n,r,t){gform.addHook(\"filter\",o,n,r,t)},doAction:function(o){gform.doHook(\"action\",o,arguments)},applyFilters:function(o){return gform.doHook(\"filter\",o,arguments)},removeAction:function(o,n){gform.removeHook(\"action\",o,n)},removeFilter:function(o,n,r){gform.removeHook(\"filter\",o,n,r)},addHook:function(o,n,r,t,i){null==gform.hooks[o][n]&&(gform.hooks[o][n]=[]);var e=gform.hooks[o][n];null==i&&(i=n+\"_\"+e.length),gform.hooks[o][n].push({tag:i,callable:r,priority:t=null==t?10:t})},doHook:function(n,o,r){var t;if(r=Array.prototype.slice.call(r,1),null!=gform.hooks[n][o]&&((o=gform.hooks[n][o]).sort(function(o,n){return o.priority-n.priority}),o.forEach(function(o){\"function\"!=typeof(t=o.callable)&&(t=window[t]),\"action\"==n?t.apply(null,r):r[0]=t.apply(null,r)})),\"filter\"==n)return r[0]},removeHook:function(o,n,t,i){var r;null!=gform.hooks[o][n]&&(r=(r=gform.hooks[o][n]).filter(function(o,n,r){return!!(null!=i&&i!=o.tag||null!=t&&t!=o.priority)}),gform.hooks[o][n]=r)}});<\/script>\n                <div class='gf_browser_gecko gform_wrapper reminders-form_wrapper gform_legacy_markup_wrapper' id='gform_wrapper_3' ><div id='gf_3' class='gform_anchor' tabindex='-1'><\/div><form method='post' enctype='multipart\/form-data' target='gform_ajax_frame_3' id='gform_3' class='reminders-form gform_legacy_markup' action='\/bibliainmersion\/wp-json\/wp\/v2\/pages\/10#gf_3' >\n                        <div class='gform_body gform-body'><ul id='gform_fields_3' class='gform_fields top_label form_sublabel_below description_below'><li id=\"field_3_1\"  class=\"gfield gfield_contains_required field_sublabel_below field_description_below gfield_visibility_visible\"  data-js-reload=\"field_3_1\"><label class='gfield_label' for='input_3_1' >Email<span class=\"gfield_required\"><span class=\"gfield_required gfield_required_asterisk\">*<\/span><\/span><\/label><div class='ginput_container ginput_container_email'>\n                            <input name='input_1' id='input_3_1' type='text' value='' class='medium'    aria-required=\"true\" aria-invalid=\"false\"  \/>\n                        <\/div><\/li><li id=\"field_3_2\"  class=\"gfield gfield_contains_required field_sublabel_below field_description_below gfield_visibility_visible\"  data-js-reload=\"field_3_2\"><label class='gfield_label' for='input_3_2' >What is your start date?<span class=\"gfield_required\"><span class=\"gfield_required gfield_required_asterisk\">*<\/span><\/span><\/label><div class='ginput_container ginput_container_date'>\n                            <input name='input_2' id='input_3_2' type='text' value='' class='datepicker mdy datepicker_no_icon gdatepicker-no-icon'   placeholder='mm\/dd\/yyyy' aria-describedby=\"input_3_2_date_format\" aria-invalid=\"false\" aria-required=\"true\"\/>\n                            <span id='input_3_2_date_format' class='screen-reader-text'>MM slash DD slash YYYY<\/span>\n                        <\/div>\n                        <input type='hidden' id='gforms_calendar_icon_input_3_2' class='gform_hidden' value='https:\/\/sites.tyndale.com\/bibliainmersion\/wp-content\/plugins\/gravityforms\/images\/datepicker\/datepicker.svg'\/><\/li><li id=\"field_3_3\"  class=\"gfield gfield_contains_required field_sublabel_below field_description_below hidden_label gfield_visibility_visible\"  data-js-reload=\"field_3_3\"><label class='gfield_label gfield_label_before_complex'  >Untitled<span class=\"gfield_required\"><span class=\"gfield_required gfield_required_asterisk\">*<\/span><\/span><\/label><div class='ginput_container ginput_container_checkbox'><ul class='gfield_checkbox' id='input_3_3'><li class='gchoice gchoice_3_3_1'>\n\t\t\t\t\t\t\t\t<input class='gfield-choice-input' name='input_3.1' type='checkbox'  value='I agree to Tyndale&#039;s &lt;a href=&quot;https:\/\/www.tyndale.com\/privacy&quot; target=&quot;_blank&quot;&gt;privacy policy&lt;\/a&gt;. (required)'  id='choice_3_3_1'   \/>\n\t\t\t\t\t\t\t\t<label for='choice_3_3_1' id='label_3_3_1'>I agree to Tyndale's <a href=\"https:\/\/www.tyndale.com\/privacy\" target=\"_blank\">privacy policy<\/a>. (required)<\/label>\n\t\t\t\t\t\t\t<\/li><\/ul><\/div><\/li><\/ul><\/div>\n        <div class='gform_footer top_label'> <input type='submit' id='gform_submit_button_3' class='gform_button button' value='Sign Up'  onclick='if(window[\"gf_submitting_3\"]){return false;}  window[\"gf_submitting_3\"]=true;  ' onkeypress='if( event.keyCode == 13 ){ if(window[\"gf_submitting_3\"]){return false;} window[\"gf_submitting_3\"]=true;  jQuery(\"#gform_3\").trigger(\"submit\",[true]); }' \/> <input type='hidden' name='gform_ajax' value='form_id=3&amp;title=&amp;description=&amp;tabindex=0' \/>\n            <input type='hidden' class='gform_hidden' name='is_submit_3' value='1' \/>\n            <input type='hidden' class='gform_hidden' name='gform_submit' value='3' \/>\n            \n            <input type='hidden' class='gform_hidden' name='gform_unique_id' value='' \/>\n            <input type='hidden' class='gform_hidden' name='state_3' value='WyJbXSIsImI5MDM2ZjE1MDk5MGE1NGE2N2IxYTFlNjI5ZjI4OGZjIl0=' \/>\n            <input type='hidden' class='gform_hidden' name='gform_target_page_number_3' id='gform_target_page_number_3' value='0' \/>\n            <input type='hidden' class='gform_hidden' name='gform_source_page_number_3' id='gform_source_page_number_3' value='1' \/>\n            <input type='hidden' name='gform_field_values' value='' \/>\n            \n        <\/div>\n                        <\/form>\n                        <\/div>\n                <iframe style='display:none;width:0px;height:0px;' src='about:blank' name='gform_ajax_frame_3' id='gform_ajax_frame_3' title='This iframe contains the logic required to handle Ajax powered Gravity Forms.'><\/iframe>\n                <script type=\"text\/javascript\">\ngform.initializeOnLoaded( function() {gformInitSpinner( 3, 'https:\/\/sites.tyndale.com\/bibliainmersion\/wp-content\/plugins\/gravityforms\/images\/spinner.svg' );jQuery('#gform_ajax_frame_3').on('load',function(){var contents = jQuery(this).contents().find('*').html();var is_postback = contents.indexOf('GF_AJAX_POSTBACK') >= 0;if(!is_postback){return;}var form_content = jQuery(this).contents().find('#gform_wrapper_3');var is_confirmation = jQuery(this).contents().find('#gform_confirmation_wrapper_3').length > 0;var is_redirect = contents.indexOf('gformRedirect(){') >= 0;var is_form = form_content.length > 0 && ! is_redirect && ! is_confirmation;var mt = parseInt(jQuery('html').css('margin-top'), 10) + parseInt(jQuery('body').css('margin-top'), 10) + 100;if(is_form){jQuery('#gform_wrapper_3').html(form_content.html());if(form_content.hasClass('gform_validation_error')){jQuery('#gform_wrapper_3').addClass('gform_validation_error');} else {jQuery('#gform_wrapper_3').removeClass('gform_validation_error');}setTimeout( function() { \/* delay the scroll by 50 milliseconds to fix a bug in chrome *\/ jQuery(document).scrollTop(jQuery('#gform_wrapper_3').offset().top - mt); }, 50 );if(window['gformInitDatepicker']) {gformInitDatepicker();}if(window['gformInitPriceFields']) {gformInitPriceFields();}var current_page = jQuery('#gform_source_page_number_3').val();gformInitSpinner( 3, 'https:\/\/sites.tyndale.com\/bibliainmersion\/wp-content\/plugins\/gravityforms\/images\/spinner.svg' );jQuery(document).trigger('gform_page_loaded', [3, current_page]);window['gf_submitting_3'] = false;}else if(!is_redirect){var confirmation_content = jQuery(this).contents().find('.GF_AJAX_POSTBACK').html();if(!confirmation_content){confirmation_content = contents;}setTimeout(function(){jQuery('#gform_wrapper_3').replaceWith(confirmation_content);jQuery(document).scrollTop(jQuery('#gf_3').offset().top - mt);jQuery(document).trigger('gform_confirmation_loaded', [3]);window['gf_submitting_3'] = false;wp.a11y.speak(jQuery('#gform_confirmation_message_3').text());}, 50);}else{jQuery('#gform_3').append(contents);if(window['gformRedirect']) {gformRedirect();}}jQuery(document).trigger('gform_post_render', [3, current_page]);} );} );\n<\/script>\n<\/section>\n<p><!-- end reminders form --><\/p>\n<\/div>\n<p><!-- end cta section inner --><\/p>\n<\/section>\n<p><!-- end weekly reminders section --><\/p>\n<\/div>\n<p><!-- end of hide resources --><\/p>\n<p><!-- OTHER BOOKS SECTION --><\/p>\n<section class=\"other-books-section\">\n<header class=\"section-heading\">\n<h4>Otros vol\u00famenes<\/h4>\n<\/header>\n<div class=\"other-books-inner\">\n<p><!-- Book 1: Messiah --><\/p>\n<article class=\"book-group hide\">\n<div class=\"book-image\">\n<img decoding=\"async\" src=\"https:\/\/sites.tyndale.com\/bibliainmersion\/wp-content\/uploads\/sites\/10\/2017\/10\/cover-mesias.jpg\" alt=\"Cover image for the Messiah, Year 1 - Book 1\" title=\"Messiah\"><\/div>\n<div class=\"book-text\">\n<p class=\"book-year\">Volumen 1<\/p>\n<p class=\"book-title\">Mes\u00edas<\/p>\n<p class=\"book-testament\">Nuevo Testamento<\/p>\n<p class=\"book-more\"><a href=\"https:\/\/sites.tyndale.com\/bibliainmersion\/mesias\/\">Leer m\u00e1s<\/a><\/p>\n<\/div>\n<div class=\"book-button\">\n<a href=\"https:\/\/www.tyndale.com\/p\/inmersion-mesias\/9781496430366\" class=\"button ghost-button\" target=\"_blank\" rel=\"noopener noreferrer\">Comprar<\/a><\/div>\n<\/article>\n<p><!-- end book 1 --><\/p>\n<p><!-- Book 2: Beginnings --><\/p>\n<article class=\"book-group\">\n<div class=\"book-image\">\n<img decoding=\"async\" src=\"https:\/\/sites.tyndale.com\/bibliainmersion\/wp-content\/uploads\/sites\/10\/2017\/10\/cover-origenes.jpg\" alt=\"Cover image for the Beginnings, Year 1 - Book 2\" title=\"Beginnings\"><\/div>\n<div class=\"book-text\">\n<p class=\"book-year\">Volumen 2<\/p>\n<p class=\"book-title\">Or\u00edgenes<\/p>\n<p class=\"book-range\">G\u00e9nesis-Deuteronomio<\/p>\n<p class=\"book-more\"><a href=\"https:\/\/sites.tyndale.com\/bibliainmersion\/origenes\/\">Leer m\u00e1s<\/a><\/p>\n<\/div>\n<div class=\"book-button\">\n<a href=\"https:\/\/www.tyndale.com\/p\/inmersion-origenes\/9781496430373\" class=\"button ghost-button\" target=\"_blank\" rel=\"noopener noreferrer\">Comprar<\/a><\/div>\n<\/article>\n<p><!-- Book 3: Kingdoms --><\/p>\n<article class=\"book-group\">\n<div class=\"book-image\">\n<img decoding=\"async\" src=\"https:\/\/sites.tyndale.com\/bibliainmersion\/wp-content\/uploads\/sites\/10\/2017\/10\/cover-reinos.jpg\" alt=\"Cover image for the Kingdoms, Year 2 - Book 1\" title=\"Kingdoms\"><\/div>\n<div class=\"book-text\">\n<p class=\"book-year\">Volumen 3<\/p>\n<p class=\"book-title\">Reinos<\/p>\n<p class=\"book-range\">Josu\u00e9, Jueces, Rut, Samuel\u2013Reyes<\/p>\n<p class=\"book-more\"><a href=\"https:\/\/sites.tyndale.com\/bibliainmersion\/reinos\">Leer m\u00e1s<\/a><\/p>\n<\/div>\n<div class=\"book-button\">\n<a href=\"https:\/\/www.tyndale.com\/p\/inmersion-reinos\/9781496430403\" class=\"button ghost-button\" target=\"_blank\" rel=\"noopener noreferrer\">Comprar<\/a><\/div>\n<\/article>\n<p><!-- end book 3 --><\/p>\n<p><!-- Book 4: Prophets --><\/p>\n<article class=\"book-group\">\n<div class=\"book-image\">\n<img decoding=\"async\" src=\"https:\/\/sites.tyndale.com\/bibliainmersion\/wp-content\/uploads\/sites\/10\/2017\/10\/cover-profetas.jpg\" alt=\"Cover image for the Prophets, Year 2 - Book 2\" title=\"Prophets\"><\/div>\n<div class=\"book-text\">\n<p class=\"book-year\">Volumen 4<\/p>\n<p class=\"book-title\">Profetas<\/p>\n<p class=\"book-range\">Isa\u00edas, Jerem\u00edas, Ezequiel, los profetas menores<\/p>\n<p class=\"book-more\"><a href=\"https:\/\/sites.tyndale.com\/bibliainmersion\/profetas\">Leer m\u00e1s<\/a><\/p>\n<\/div>\n<div class=\"book-button\">\n<a href=\"https:\/\/www.tyndale.com\/p\/inmersion-profetas\/9781496430397\" class=\"button ghost-button\" target=\"_blank\" rel=\"noopener noreferrer\">Comprar<\/a><\/div>\n<\/article>\n<p><!-- end book 4 --><\/p>\n<p><!-- Book 5: Poets --><\/p>\n<article class=\"book-group\">\n<div class=\"book-image\">\n<img decoding=\"async\" src=\"https:\/\/sites.tyndale.com\/bibliainmersion\/wp-content\/uploads\/sites\/10\/2017\/10\/cover-poetas.jpg\" alt=\"Cover image for the Poets, Year 3 - Book 1\" title=\"Poets\"><\/div>\n<div class=\"book-text\">\n<p class=\"book-year\">Volumen 5<\/p>\n<p class=\"book-title\">Poetas<\/p>\n<p class=\"book-range\">Job, Salmos, Proverbios, Eclesiast\u00e9s, Cantar de los Cantares, Lamentaciones<\/p>\n<p class=\"book-more\"><a href=\"https:\/\/sites.tyndale.com\/bibliainmersion\/poetas\">Leer m\u00e1s<\/a><\/p>\n<\/div>\n<div class=\"book-button\">\n<a href=\"https:\/\/www.tyndale.com\/p\/inmersion-poetas\/9781496430380\" class=\"button ghost-button\" target=\"_blank\" rel=\"noopener noreferrer\">Comprar<\/a><\/div>\n<\/article>\n<p><!-- end book 5 --><\/p>\n<p><!-- Book 6: Chronicles --><\/p>\n<article class=\"book-group\">\n<div class=\"book-image\">\n<img decoding=\"async\" src=\"https:\/\/sites.tyndale.com\/bibliainmersion\/wp-content\/uploads\/sites\/10\/2017\/10\/cover-cronicas.jpg\" alt=\"Cover image for the Chronicles, Year 3 - Book 2\" title=\"Chronicles\"><\/div>\n<div class=\"book-text\">\n<p class=\"book-year\">Volumen 6<\/p>\n<p class=\"book-title\">Cr\u00f3nicas<\/p>\n<p class=\"book-range\">Cr\u00f3nicas\u2013Esdras\u2013Nehem\u00edas, Ester, Daniel<\/p>\n<p class=\"book-more\"><a href=\"https:\/\/sites.tyndale.com\/bibliainmersion\/cronicas\">Leer m\u00e1s<\/a><\/p>\n<\/div>\n<div class=\"book-button\">\n<a href=\"https:\/\/www.tyndale.com\/p\/inmersion-cronicas\/9781496430359\" class=\"button ghost-button\" target=\"_blank\" rel=\"noopener noreferrer\">Comprar<\/a><\/div>\n<\/article>\n<p><!-- end book 6 --><\/p>\n<\/div>\n<p><!-- end other books inner --><br \/>\n<\/section>\n<p><!-- end other books section --><\/p>\n","protected":false},"excerpt":{"rendered":"<p>Volumen 1 Mes\u00edas Nuevo Testamento Inmersi\u00f3n: Mes\u00edas es el primero de seis vol\u00famenes de Inmersi\u00f3n: La Biblia de lectura. Mes\u00edas conduce al lector en un nuevo y singular viaje a trav\u00e9s de cada libro del Nuevo Testamento. Cada secci\u00f3n principal de Mes\u00edas comienza con uno de los Evangelios y se combina con otros escritos del [&hellip;]<\/p>\n","protected":false},"author":1,"featured_media":0,"parent":0,"menu_order":0,"comment_status":"closed","ping_status":"closed","template":"full-width.php","meta":{"ngg_post_thumbnail":0},"_links":{"self":[{"href":"https:\/\/sites.tyndale.com\/bibliainmersion\/wp-json\/wp\/v2\/pages\/10"}],"collection":[{"href":"https:\/\/sites.tyndale.com\/bibliainmersion\/wp-json\/wp\/v2\/pages"}],"about":[{"href":"https:\/\/sites.tyndale.com\/bibliainmersion\/wp-json\/wp\/v2\/types\/page"}],"author":[{"embeddable":true,"href":"https:\/\/sites.tyndale.com\/bibliainmersion\/wp-json\/wp\/v2\/users\/1"}],"replies":[{"embeddable":true,"href":"https:\/\/sites.tyndale.com\/bibliainmersion\/wp-json\/wp\/v2\/comments?post=10"}],"version-history":[{"count":135,"href":"https:\/\/sites.tyndale.com\/bibliainmersion\/wp-json\/wp\/v2\/pages\/10\/revisions"}],"predecessor-version":[{"id":1281,"href":"https:\/\/sites.tyndale.com\/bibliainmersion\/wp-json\/wp\/v2\/pages\/10\/revisions\/1281"}],"wp:attachment":[{"href":"https:\/\/sites.tyndale.com\/bibliainmersion\/wp-json\/wp\/v2\/media?parent=10"}],"curies":[{"name":"wp","href":"https:\/\/api.w.org\/{rel}","templated":true}]}}